 = -436, r - 7*b + 10*b = 94. Suppose 2*n = -0*o + 4*o + 98, 46 = n - 3*o. Calculate the highest common divisor of r and n.
11
Suppose -38146 = -12*o - 8974. Calculate the greatest common divisor of 4301 and o.
187
Let m be ((-17 + 24)*(-24)/7)/(-2). Let y(g) = 2*g**2 - 23*g - 6. Let q be y(m). Calculate the greatest common factor of q and 15.
3
Let m = 0 + -51. Let d = -33 - m. Suppose x = 11 + d. Calculate the greatest common factor of 232 and x.
29
Let j be (-3)/(-6) + 2/(-4). Let x(q) = 17*q - 587. Let t be x(35). Suppose t*k - 7*k - 4 = j. What is the greatest common factor of k and 12?
4
Let j be (-3)/8 + 0 - (-2366)/(-336)*-1257. Calculate the highest common divisor of 501 and j.
167
Let n = 83 + -53. Suppose 35*u = n*u + 140. Calculate the highest common divisor of u and 182.
14
Let k = 93 + -75. Let p(x) = -46*x**2 + k + 45*x**2 + 19 + 12*x. Let j be p(13). What is the greatest common divisor of j and 48?
24
Let o = -18 - -25. Suppose -3*z = -o - 5. Suppose 161 - 36 = z*p + 5*b, 0 = -4*p + 2*b + 146. Calculate the greatest common factor of p and 10.
5
Let i = -17537 + 25532. Calculate the greatest common divisor of i and 195.
195
Let i(b) = -5*b**2 - 14*b - 3. Let t be i(-1). Let c = 70 + -31. Suppose c + 15 = u. Calculate the highest common divisor of t and u.
6
Let l be (108/(-63))/(2*(3 + 10796/(-3598))). What is the highest common factor of l and 6?
6
Suppose 2*k - 4056 = -5*y, y + 56 = 2*k + 860. What is the highest common divisor of y and 100?
10
Let d(m) = -2*m**3 - 55*m**2 - 32*m - 75. Let s be d(-27). What is the highest common factor of 5385 and s?
15
Let j(u) = -u**3 - 27*u**2 - 30*u + 51. Let s = 413 - 439. Let z be j(s). What is the greatest common divisor of z and 31?
31
Suppose 0 = -9*p + 13*p - 960. Suppose 24*t + p = 25*t. Calculate the highest common factor of 32 and t.
16
Suppose 132*f - 6463 = -149*f. Suppose 4*z - 158 - 302 = 0. Calculate the greatest common divisor of f and z.
23
Suppose 20 = -380*d + 385*d, -2*j = -5*d - 380. Calculate the greatest common factor of j and 1350.
50
Let i(t) = 2*t**2 + 5*t - 13. Let f be i(-8). Suppose -2*x - 35 = 5*k - 0*k, -3*k + f = -2*x. Let p = x - -60. What is the greatest common factor of 30 and p?
30
Let d(s) = 8*s**2 + 28*s + 119. Let o be d(-4). Suppose 3*f - 5*m = -2*f + 800, f + 4*m - o = 0. What is the greatest common divisor of 62 and f?
31
Suppose 0 = 89*j - 125*j + 8136. Calculate the highest common factor of 6 and j.
2
Let h be (2 - -5 - 60/8)/(6/(-2664)). Calculate the greatest common divisor of 2368 and h.
74
Let g(c) = -4*c**3 - 11*c**2 + 20*c + 85. Let o be g(-2). Calculate the greatest common divisor of 6875 and o.
11
Let d = -82 + 86. Suppose -3*h + 2*r = r - 13, -10 = -5*h + d*r. Let y be (-186)/(-30) + (-3)/15. What is the highest common factor of y and h?
6
Let q(a) = -a**2 - 11*a - 7. Let h be q(-7). Suppose 18590*u = 18425*u + 38115. What is the greatest common divisor of u and h?
21
Suppose t - 3*g - g + 196 = 0, 401 = -2*t + 5*g. Let j = t + 233. What is the greatest common divisor of j and 100?
25
Let t(f) = 37*f - 39. Suppose 0 = -3*k - 3*c + 15, 10*k - 6*k - 22 = -5*c. Let g be t(k). Calculate the highest common factor of 18 and g.
18
Let t(n) = 6*n**2 + 17*n - 528. Let a be t(-18). What is the greatest common factor of 540 and a?
30
Suppose -4*m + 2*u - 28 = 0, 0*m - 6 = 2*m - 5*u. Let z = m - -16. Let g be 42/12*(2 - 20/14). What is the greatest common divisor of z and g?
2
Suppose 0 = 545*q - 511*q - 3740. What is the highest common divisor of 176 and q?
22
Let q(z) = 123*z - 14. Let l be q(2). What is the highest common divisor of l and 261?
29
Let s = 289 - 199. Suppose 6*t - s - 180 = 0. Let k = -17 + 77. What is the greatest common divisor of t and k?
15
Let l(z) = 96*z - 465. Let n be l(5). What is the greatest common divisor of n and 33?
3
Let i(a) = -a**3 + 7*a**2 + 16*a + 7. Let t be i(9). Let s(x) = 8*x + 92. Let l be s(t). What is the greatest common divisor of 68 and l?
4
Suppose 0 = -2*a + 3*w - 37 - 128, -5*w = 2*a + 205. Let m be a/54*(1 + 33/(-15)). What is the greatest common divisor of m and 118?
2
Let n be 4*(-1)/1 - (1 - -3). Let f(p) = -p**3 - 6*p**2 + 18*p + 8. Let d be f(n). Let c be 3*2/d*(1 + -17). What is the highest common divisor of c and 12?
12
Let n(x) = -x**3 - 6*x**2 + 16*x + 40. Let t be n(3). What is the greatest common divisor of t and 2401?
7
Suppose 16*w = -g + 21*w + 7, 0 = -w. Calculate the greatest common factor of 64 and g.
1
Let d be 316/12 - 1/3. Let q be 2 + -36 - (4 - -1). Let z be 14/91 + (-1008)/q. Calculate the highest common divisor of d and z.
26
Let m(f) = 14*f - 30. Suppose 19*i + 104 = 21*i. Let d be i/12 - -2 - 8/(-12). Let z be m(d). What is the highest common divisor of z and 17?
17
Let o(r) = 13*r**2 - 12*r - 81. Let s be o(-5). What is the greatest common factor of s and 646?
38
Let a(f) = 187*f**2 + 1966*f - 1965. Let s be a(1). Suppose -4*i - 1406 = -3*y, y = 3*i - i + 468. Calculate the greatest common divisor of y and s.
94
Let x(f) = -4*f**2 + 7*f. Let t be x(-1). Let l be (-3)/33 + (-210)/t. What is the highest common factor of 779 and l?
19
Suppose 3*m + 150 = 3*y, 3*y = 2*m - 3*m + 166. Suppose o - 1025 + 1214 = 8*o. Calculate the greatest common divisor of o and y.
27
Let b be -2 + -1114*(6 + 65/(-10)). Calculate the greatest common divisor of b and 2405.
185
Suppose -980 + 1028 = 12*b. Calculate the greatest common divisor of 44 and b.
4
Let s be 6/33 + (-46163)/(-143). Suppose 0 = 4*x + 2*a - 2428, -2*x + 4*a + s = -901. What is the highest common factor of x and 32?
32
Suppose 115*c = 141*c - 83148. Calculate the greatest common factor of c and 78.
78
Let h = -8 + 11. Let c = 0 + h. Let d = -297 + 318. What is the greatest common factor of d and c?
3
Let t be ((1/(-3))/((-28)/(-48)))/((-406)/4263). Calculate the greatest common divisor of 1086 and t.
6
Suppose 56716 - 1358822 = -61*r. Calculate the greatest common divisor of r and 26.
26
Let u(y) be the third derivative of -11*y**4/6 - 28*y**3/3 - 5*y**2 + 3. Let c be u(-7). Calculate the highest common factor of c and 28.
28
Let o(w) be the first derivative of -17 + 7/3*w**3 - 9/2*w**2 - 1/4*w**4 + 10*w. Let g be o(5). Calculate the greatest common factor of 10 and g.
5
Suppose -2*m + 73*g - 6 = 70*g, 5*g = 5*m. Calculate the greatest common divisor of 81 and m.
3
Let k be -5 + (-145)/20 + 1/4. Let v be (0 + k/(-14))/(38/266). Let z be -21*(v/(-5))/(14/30). Calculate the highest common divisor of 36 and z.
18
Let f = -21 + 60. Suppose -3*l - 15*b + 11*b = -17, -4*l + 2*b + 8 = 0. Calculate the highest common divisor of l and f.
3
Let n(m) = 20*m**2 - m - 4. Let a be n(2). Suppose -30 = -8*w + a. Let z be w - (-8)/(4/1). What is the greatest common divisor of z and 45?
15
Let a be (-129)/344 - 166/(-16). Suppose 15 = 3*s - 3*w, -8*w - 8 = -4*s - a*w. Calculate the highest common factor of 33 and s.
3
Suppose 5*g + 3*f = 289, 0*f = 3*g - 5*f - 221. Calculate the highest common divisor of g and 3751.
31
Let f = 35 + -48. Let q = f + -13. Let w = 39 + q. What is the greatest common factor of w and 91?
13
Let l = -4 + 22. Let x be (1 - 4) + 5547/43. Let u be 6/(x/(-162)*(-2)/7). Calculate the greatest common divisor of u and l.
9
Suppose 7*x = 5*x. Suppose 0*i + 5*i - 35 = x. Let t be 48 + -43 + 0 + 2. Calculate the highest common divisor of i and t.
7
Suppose b - 3*s - 41 - 5 = 0, -4*b + 214 = -2*s. Suppose -245*x + 240*x + b = 0. Calculate the greatest common factor of 88 and x.
11
Let y be ((-364)/42 - -16)/(1/855). What is the highest common divisor of 60 and y?
30
Let c(k) = -3*k**2 - 8*k + 42. Let y be c(-5). Let p(v) = -v + 22. Let r be p(y). Calculate the highest common factor of r and 135.
15
Suppose -y + 12 = -4. Let l(q) = 6*q - y - 27 + 19. Let h be l(14). Calculate the highest common factor of 6 and h.
6
Let n(j) = j**2 + 4. Let c be (1 + -1)/3*(-1)/2. Let d be n(c). Suppose -3*w = d*w - 84. What is the highest common factor of 96 and w?
12
Suppose -4400 = -56*i + 356 - 276. What is the highest common divisor of i and 9200?
80
Suppose 7*f - 4 = 5*f. Suppose -39 = -3*h + f*h + 3*y, 2*h = 3*y + 84. Let r = 35 + -20. Calculate the greatest common divisor of h and r.
15
Let z = -3919 + 4459. Calculate the highest commo